{"id":6333,"date":"2018-11-07T08:56:37","date_gmt":"2018-11-07T08:56:37","guid":{"rendered":"https:\/\/bortolotti-losurdo.it\/informativa-lavora-con-noi\/"},"modified":"2018-11-07T13:18:29","modified_gmt":"2018-11-07T13:18:29","slug":"informativa-lavora-con-noi","status":"publish","type":"page","link":"https:\/\/bortolotti-losurdo.it\/de\/informativa-lavora-con-noi\/","title":{"rendered":"Informativa &#8222;Lavora con noi&#8220;"},"content":{"rendered":"[vc_row type=&#8220;in_container&#8220; full_screen_row_position=&#8220;middle&#8220; scene_position=&#8220;center&#8220; text_color=&#8220;dark&#8220; text_align=&#8220;left&#8220; overlay_strength=&#8220;0.3&#8243; shape_divider_position=&#8220;bottom&#8220;][vc_column column_padding=&#8220;no-extra-padding&#8220; column_padding_position=&#8220;all&#8220; background_color_opacity=&#8220;1&#8243; background_hover_color_opacity=&#8220;1&#8243; column_shadow=&#8220;none&#8220; column_border_radius=&#8220;none&#8220; width=&#8220;1\/1&#8243; tablet_text_alignment=&#8220;default&#8220; phone_text_alignment=&#8220;default&#8220; column_border_width=&#8220;none&#8220; column_border_style=&#8220;solid&#8220;][divider line_type=&#8220;No Line&#8220; custom_height=&#8220;200&#8243;][\/vc_column][\/vc_row][vc_row type=&#8220;in_container&#8220; full_screen_row_position=&#8220;middle&#8220; scene_position=&#8220;center&#8220; text_color=&#8220;dark&#8220; text_align=&#8220;left&#8220; overlay_strength=&#8220;0.3&#8243; shape_divider_position=&#8220;bottom&#8220;][vc_column column_padding=&#8220;no-extra-padding&#8220; column_padding_position=&#8220;all&#8220; background_color_opacity=&#8220;1&#8243; background_hover_color_opacity=&#8220;1&#8243; column_shadow=&#8220;none&#8220; column_border_radius=&#8220;none&#8220; width=&#8220;1\/1&#8243; tablet_text_alignment=&#8220;default&#8220; phone_text_alignment=&#8220;default&#8220; column_border_width=&#8220;none&#8220; column_border_style=&#8220;solid&#8220;][split_line_heading]\n<h2>Informativa Art. 13 Reg UE 2016\/679 sul trattamento dei dati sezione &#8222;Contatti&#8220; del sito<\/h2>\n[\/split_line_heading][vc_column_text]In relazione ai trattamento dei dati personali forniti si informa che:<\/p>\n<p><strong>Titolare del Trattamento<br \/>\n<\/strong>Il Titolare del Trattamento \u00e8 lo Studio Bortolotti Losurdo con sede in Bolzano Via Negrelli nr. 13, tel. 0471\/263338 &#8211;\u00a0\u00a0\u00a0 email info@bortolotti-losurdo.it\u00a0 pec\u00a0bortolottilosurdo@pec.it\u00a0(di seguito per brevit\u00e0 \u201cle Societ\u00e0\u201d o \u201cil Titolare\u201d).<\/p>\n<p>Il Responsabile della Protezione dei dati (RPD\/DPO) \u00e8 reperibile ai seguenti dati di contatto dpo@bortolotti-losurdo.it.<\/p>\n<p><strong>Tipologia di dati trattati, Finalit\u00e0 e base giuridica del Trattamento<br \/>\n<\/strong>Sono raccolti e trattati i seguenti dati personali relativi ai candidati: dati personali di natura comune (nome cognome, anagrafica,\u00a0dati di contatto, telefono, email, ruolo, CV)\u00a0ed eventuali dati di natura particolare contenuti nel CV, per valutare un possibile inserimento del candidato o rapporto di collaborazione.<\/p>\n<p>La base giuridica del trattamento dei dati \u00e8 pertanto: adempimento\u00a0della richiesta dell\u2019interessato \u2013 obblighi contrattuali \u2013 consenso.<\/p>\n<p><strong>Comunicazione dei dati a terzi &#8211; Destinatari dei dati<br \/>\n<\/strong>I dati trattati\u00a0per le finalit\u00e0 di cui sopra potranno essere comunicati\u00a0a:\u00a0societ\u00e0 di selezione, societ\u00e0 che gestisce il sito o software di raccolta e gestione cv altre societ\u00e0 terze o professionisti che agiscono in qualit\u00e0 di Responsabili Esterni del Trattamento trattando dati per conto della Societ\u00e0 per attivit\u00e0 in outsourcing legate alla gestione del cv o della selezione.<\/p>\n<p><strong>Trasferimento dei dati a Paesi Terzi<br \/>\n<\/strong>I dati personali forniti non sono generalmente trasferiti verso Paesi Extra Ue. Qualora lo fossero, il Titolare provveder\u00e0 ad adottare i necessari adempimenti previsti dalla normativa vigente in tema di trasferimento dei dati verso Paesi Terzi ai sensi dell\u2019art 44 e ss Reg UE 2016\/670 (GDPR) e della normativa locale vigente.<\/p>\n<p><strong>Modalit\u00e0 di trattamento, periodo e criteri di conservazione dei dati<br \/>\n<\/strong>I dati verranno trattati in\u00a0formato cartaceo e digitale. Salvo il caso di Suo inserimento nell\u2019organico aziendale, i dati saranno trattati\/conservati dal Titolare per un periodo di 24 mesi dal rilascio, decorso il quale saranno automaticamente cancellati. In caso di inserimento nell\u2019organico aziendale verr\u00e0 rilasciata ulteriore apposita informativa sul trattamento dei dati.<\/p>\n<p><strong>Conferimento dei dati<br \/>\n<\/strong>Il conferimento dei dati \u00e8 obbligatorio per la valutazione del candidato, salvo eventuali dati indicati come \u201cnon obbligatori\u201d nei format di richiesta dati. Il mancato\u00a0conferimento dei dati obbligatori comporta l\u2019impossibilit\u00e0 di valutare la candidatura e perseguire le finalit\u00e0 suindicate.<\/p>\n<p><strong>Diritti dell\u2019interessato, Revoca del Consenso e Reclamo all\u2019Autorit\u00e0 di controllo<br \/>\n<\/strong>L\u2019interessato, qualora sussistano i presupposti di legge, ha il diritto in qualunque momento di richiedere l\u2019accesso ai propri dati personali, la rettifica, la cancellazione, la limitazione degli stessi, di opporsi al trattamento e di esercitare il diritto alla portabilit\u00e0 dei dati.<\/p>\n<p>In ogni caso, l\u2019interessato ha il diritto di revocare in ogni momento il consenso eventualmente prestato al trattamento dei dati, senza pregiudicare la liceit\u00e0 del trattamento basato sul consenso prestato prima della revoca.<\/p>\n<p>In caso di presunta violazione l\u2019interessato, ricorrendone i presupposti, ha inoltre il diritto di proporre reclamo ad una Autorit\u00e0 di controllo sul trattamento dei dati posta nello stato membro UE dove egli risiede abitualmente o nello Stato UE in cui lavora o in cui \u00e8 avvenuta la presenta violazione<\/p>\n<p><strong>Profilazione e processi decisionali automatizzati<br \/>\n<\/strong>Il trattamento non viene effettuato mediante processi decisionali automatizzati (es. profilazione).<\/p>\n<p><strong>Contatti e richieste<br \/>\n<\/strong>Per avere ulteriori informazioni sul trattamento dei dati personali, opporsi al trattamento o esercitare diritti previsti dalla normativa vigente in materia di protezione dei dati personali (accesso, rettifica, cancellazione, limitazione, opposizione, portabilit\u00e0) e\/o per conoscere l\u2019elenco completo dei soggetti interni ed esterni incaricati del trattamento e\/o per avere informazioni in ordine al trasferimento di dati verso Paesi extra UE e relative garanzie, compresi i meccanismi e le tutele di trasferimento dei dati ex art 44 e ss GDPR potr\u00e0 inviare una richiesta al contatto email\u00a0dpo@bortolotti-losurdo.it\u00a0.fax 0471\/285217 tel 0471\/263338[\/vc_column_text][\/vc_column][\/vc_row]\n","protected":false},"excerpt":{"rendered":"<p>[vc_row type=&#8220;in_container&#8220; full_screen_row_position=&#8220;middle&#8220; scene_position=&#8220;center&#8220; text_color=&#8220;dark&#8220; text_align=&#8220;left&#8220; overlay_strength=&#8220;0.3&#8243; shape_divider_position=&#8220;bottom&#8220;][vc_column column_padding=&#8220;no-extra-padding&#8220; column_padding_position=&#8220;all&#8220; background_color_opacity=&#8220;1&#8243; background_hover_color_opacity=&#8220;1&#8243; column_shadow=&#8220;none&#8220; column_border_radius=&#8220;none&#8220; width=&#8220;1\/1&#8243; tablet_text_alignment=&#8220;default&#8220; phone_text_alignment=&#8220;default&#8220; column_border_width=&#8220;none&#8220; column_border_style=&#8220;solid&#8220;][divider line_type=&#8220;No Line&#8220; custom_height=&#8220;200&#8243;][\/vc_column][\/vc_row][vc_row type=&#8220;in_container&#8220; full_screen_row_position=&#8220;middle&#8220; scene_position=&#8220;center&#8220;&#8230;<\/p>\n","protected":false},"author":9,"featured_media":0,"parent":0,"menu_order":0,"comment_status":"closed","ping_status":"closed","template":"","meta":{"footnotes":""},"_links":{"self":[{"href":"https:\/\/bortolotti-losurdo.it\/de\/wp-json\/wp\/v2\/pages\/6333"}],"collection":[{"href":"https:\/\/bortolotti-losurdo.it\/de\/wp-json\/wp\/v2\/pages"}],"about":[{"href":"https:\/\/bortolotti-losurdo.it\/de\/wp-json\/wp\/v2\/types\/page"}],"author":[{"embeddable":true,"href":"https:\/\/bortolotti-losurdo.it\/de\/wp-json\/wp\/v2\/users\/9"}],"replies":[{"embeddable":true,"href":"https:\/\/bortolotti-losurdo.it\/de\/wp-json\/wp\/v2\/comments?post=6333"}],"version-history":[{"count":4,"href":"https:\/\/bortolotti-losurdo.it\/de\/wp-json\/wp\/v2\/pages\/6333\/revisions"}],"predecessor-version":[{"id":6370,"href":"https:\/\/bortolotti-losurdo.it\/de\/wp-json\/wp\/v2\/pages\/6333\/revisions\/6370"}],"wp:attachment":[{"href":"https:\/\/bortolotti-losurdo.it\/de\/wp-json\/wp\/v2\/media?parent=6333"}],"curies":[{"name":"wp","href":"https:\/\/api.w.org\/{rel}","templated":true}]}}

[vc_row type=&#8220;in_container&#8220; full_screen_row_position=&#8220;middle&#8220; scene_position=&#8220;center&#8220; text_color=&#8220;dark&#8220; text_align=&#8220;left&#8220; overlay_strength=&#8220;0.3&#8243; shape_divider_position=&#8220;bottom&#8220;][vc_column column_padding=&#8220;no-extra-padding&#8220; column_padding_position=&#8220;all&#8220; background_color_opacity=&#8220;1&#8243; background_hover_color_opacity=&#8220;1&#8243; column_shadow=&#8220;none&#8220; column_border_radius=&#8220;none&#8220; width=&#8220;1/1&#8243; tablet_text_alignment=&#8220;default&#8220; phone_text_alignment=&#8220;default&#8220; column_border_width=&#8220;none&#8220; column_border_style=&#8220;solid&#8220;][divider line_type=&#8220;No Line&#8220; custom_height=&#8220;200&#8243;][/vc_column][/vc_row][vc_row type=&#8220;in_container&#8220; full_screen_row_position=&#8220;middle&#8220; scene_position=&#8220;center&#8220; text_color=&#8220;dark&#8220; text_align=&#8220;left&#8220; overlay_strength=&#8220;0.3&#8243; shape_divider_position=&#8220;bottom&#8220;][vc_column column_padding=&#8220;no-extra-padding&#8220; column_padding_position=&#8220;all&#8220; background_color_opacity=&#8220;1&#8243; background_hover_color_opacity=&#8220;1&#8243; column_shadow=&#8220;none&#8220; column_border_radius=&#8220;none&#8220; width=&#8220;1/1&#8243; tablet_text_alignment=&#8220;default&#8220; phone_text_alignment=&#8220;default&#8220; column_border_width=&#8220;none&#8220; column_border_style=&#8220;solid&#8220;][split_line_heading]
<h2>Informativa Art. 13 Reg UE 2016/679 sul trattamento dei dati sezione &#8222;Contatti&#8220; del sito</h2>
[/split_line_heading][vc_column_text]In relazione ai trattamento dei dati personali forniti si informa che:</p>
<p><strong>Titolare del Trattamento<br />
</strong>Il Titolare del Trattamento è lo Studio Bortolotti Losurdo con sede in Bolzano Via Negrelli nr. 13, tel. 0471/263338 &#8211;    email info@bortolotti-losurdo.it  pec bortolottilosurdo@pec.it (di seguito per brevità “le Società” o “il Titolare”).</p>
<p>Il Responsabile della Protezione dei dati (RPD/DPO) è reperibile ai seguenti dati di contatto dpo@bortolotti-losurdo.it.</p>
<p><strong>Tipologia di dati trattati, Finalità e base giuridica del Trattamento<br />
</strong>Sono raccolti e trattati i seguenti dati personali relativi ai candidati: dati personali di natura comune (nome cognome, anagrafica, dati di contatto, telefono, email, ruolo, CV) ed eventuali dati di natura particolare contenuti nel CV, per valutare un possibile inserimento del candidato o rapporto di collaborazione.</p>
<p>La base giuridica del trattamento dei dati è pertanto: adempimento della richiesta dell’interessato – obblighi contrattuali – consenso.</p>
<p><strong>Comunicazione dei dati a terzi &#8211; Destinatari dei dati<br />
</strong>I dati trattati per le finalità di cui sopra potranno essere comunicati a: società di selezione, società che gestisce il sito o software di raccolta e gestione cv altre società terze o professionisti che agiscono in qualità di Responsabili Esterni del Trattamento trattando dati per conto della Società per attività in outsourcing legate alla gestione del cv o della selezione.</p>
<p><strong>Trasferimento dei dati a Paesi Terzi<br />
</strong>I dati personali forniti non sono generalmente trasferiti verso Paesi Extra Ue. Qualora lo fossero, il Titolare provvederà ad adottare i necessari adempimenti previsti dalla normativa vigente in tema di trasferimento dei dati verso Paesi Terzi ai sensi dell’art 44 e ss Reg UE 2016/670 (GDPR) e della normativa locale vigente.</p>
<p><strong>Modalità di trattamento, periodo e criteri di conservazione dei dati<br />
</strong>I dati verranno trattati in formato cartaceo e digitale. Salvo il caso di Suo inserimento nell’organico aziendale, i dati saranno trattati/conservati dal Titolare per un periodo di 24 mesi dal rilascio, decorso il quale saranno automaticamente cancellati. In caso di inserimento nell’organico aziendale verrà rilasciata ulteriore apposita informativa sul trattamento dei dati.</p>
<p><strong>Conferimento dei dati<br />
</strong>Il conferimento dei dati è obbligatorio per la valutazione del candidato, salvo eventuali dati indicati come “non obbligatori” nei format di richiesta dati. Il mancato conferimento dei dati obbligatori comporta l’impossibilità di valutare la candidatura e perseguire le finalità suindicate.</p>
<p><strong>Diritti dell’interessato, Revoca del Consenso e Reclamo all’Autorità di controllo<br />
</strong>L’interessato, qualora sussistano i presupposti di legge, ha il diritto in qualunque momento di richiedere l’accesso ai propri dati personali, la rettifica, la cancellazione, la limitazione degli stessi, di opporsi al trattamento e di esercitare il diritto alla portabilità dei dati.</p>
<p>In ogni caso, l’interessato ha il diritto di revocare in ogni momento il consenso eventualmente prestato al trattamento dei dati, senza pregiudicare la liceità del trattamento basato sul consenso prestato prima della revoca.</p>
<p>In caso di presunta violazione l’interessato, ricorrendone i presupposti, ha inoltre il diritto di proporre reclamo ad una Autorità di controllo sul trattamento dei dati posta nello stato membro UE dove egli risiede abitualmente o nello Stato UE in cui lavora o in cui è avvenuta la presenta violazione</p>
<p><strong>Profilazione e processi decisionali automatizzati<br />
</strong>Il trattamento non viene effettuato mediante processi decisionali automatizzati (es. profilazione).</p>
<p><strong>Contatti e richieste<br />
</strong>Per avere ulteriori informazioni sul trattamento dei dati personali, opporsi al trattamento o esercitare diritti previsti dalla normativa vigente in materia di protezione dei dati personali (accesso, rettifica, cancellazione, limitazione, opposizione, portabilità) e/o per conoscere l’elenco completo dei soggetti interni ed esterni incaricati del trattamento e/o per avere informazioni in ordine al trasferimento di dati verso Paesi extra UE e relative garanzie, compresi i meccanismi e le tutele di trasferimento dei dati ex art 44 e ss GDPR potrà inviare una richiesta al contatto email dpo@bortolotti-losurdo.it .fax 0471/285217 tel 0471/263338[/vc_column_text][/vc_column][/vc_row]
